 16. Give q(i).
-4
Let a be (35/(-3))/(2/(-6)). Suppose 5*i + a = r, -5 = -3*i + 5*r - 4. Let z(s) = -s**3 - 7*s**2 + 9*s + 8. Calculate z(i).
0
Let u = -199 + 209. Let p(n) = -n**3 + 11*n**2 - 13*n - 3. Determine p(u).
-33
Let q(w) = w**3 - w**2 - w. Let i(t) = 5*t**3 - 14*t**2 - 14*t - 9. Let p(v) = -i(v) + 6*q(v). What is p(-7)?
2
Let v(a) = 3*a. Suppose 45*y - 96 = 48*y. Let o be 4/(y/12)*4/(-6). What is v(o)?
3
Let w(m) be the first derivative of -m**3 + m + 1/2*m**2 + 27. Determine w(-1).
-3
Suppose -6*x = 10*x - 16. Let g(m) be the second derivative of 3*m - 1/2*m**2 + 0 + m**3. What is g(x)?
5
Let m(d) = -7*d - 8. Let k(q) = q + 6. Let p(u) = -6*u - 30. Let c(x) = 24*k(x) + 5*p(x). Let l(j) = -6*c(j) + 5*m(j). Determine l(-7).
-11
Let o(n) be the third derivative of -n**6/120 - n**5/4 - 2*n**4/3 - 7*n**3/2 - 782*n**2. What is o(-14)?
7
Let b(a) = 4 + 97*a + 106*a - 200*a. Let d = 7 - 14. Give b(d).
-17
Let k(d) = d**2 + 5*d - 1. Suppose -5*q + 21 = 31, -z - 7 = 2*q. Calculate k(z).
-7
Suppose -8*h + 9*h - 5 = 0. Suppose h*s = 10, 3*s - s = 5*g + 24. Let j(o) = -o**2 - o + 5. Calculate j(g).
-7
Let y(n) be the first derivative of 3*n**2/2 + 7*n - 19. Let d be y(-3). Let t(v) = v**3 + 2*v**2 - 2*v - 3. Give t(d).
1
Let p(i) = 3*i**3 - 10*i**2 + 4*i - 3. Let m(j) = -5*j**3 + 15*j**2 - 6*j + 4. Let g(l) = -5*m(l) - 8*p(l). Let z = 117 + -122. Give g(z).
14
Suppose 0 = -14*n + 6*n + 40. Let d(i) = i**2 + 0 + 2 - n - 1 - 3*i. Let a be 3*4/3 + -1. What is d(a)?
-4
Let g(f) = -6*f**3 + 18*f**3 - 11*f**3 - 4 + 9*f - 8*f**2. Let d be (-24)/(-28) + (-170)/(-14) + -7. Calculate g(d).
-22
Let s(n) = n**2 + 17*n + 8. Let k be (-6)/(-84)*7*-34. Calculate s(k).
8
Let n(x) = 3*x**2 + 2*x. Let q(i) = 2*i**2 + i. Let c(b) = -3*n(b) + 5*q(b). Let v = -3927 - -3925. Give c(v).
6
Let h be (0 - 0)/2 - 18. Let d = h + 16. Let l(r) = -2 + r - r**3 - 2*r - 3*r**2 - 3*r. What is l(d)?
2
Let j(u) = u - 2. Let v be j(0). Let t(f) be the first derivative of -f**2/2 + 4*f + 38. Let p(h) = 5*h - 16. Let w(b) = v*p(b) - 9*t(b). Calculate w(0).
-4
Let q(f) = 2*f + 3. Suppose -5*l - 4*t - 90 = -0, -4*l - 113 = -5*t. Let o = -25 - l. Give q(o).
-3
Let a(k) = -k**3 + 3*k**2 + 6*k + 10. Let m(p) = -3*p**2 - 1. Let z(u) = a(u) + 2*m(u). What is z(-4)?
0
Let o(t) be the third derivative of -t**8/20160 - t**7/840 + t**6/144 + 13*t**5/30 - 4*t**2. Let m(i) be the third derivative of o(i). Calculate m(-6).
5
Let u(b) = 2*b**2 + 2 - b + 6*b - b. Suppose 5*i - 26 = 15*i + 3*i. Calculate u(i).
2
Let b(g) = g + 7. Let r be b(-5). Suppose 3*q - 2*d = -q + 36, r*d - 36 = -5*q. Let p(a) = -a + 12. Determine p(q).
4
Let j(s) = -61*s + 16. Let y be j(2). Let x = -97 - y. Let u(w) = w - 12. Calculate u(x).
-3
Suppose 0 = 8*o - 1 + 17. Let g(d) = 4*d**3 - 3*d**2 - 4*d - 2. What is g(o)?
-38
Suppose 43*g - 42 - 259 = 0. Let c(v) be the second derivative of v**4/12 - 3*v**3/2 + 5*v**2 - 2*v. Calculate c(g).
-4
Let f(i) = 4*i - 6. Suppose 5*m - 101 - 59 = -5*v, 0 = 4*v - 2*m - 134. Let s = -29 + v. Calculate f(s).
10
Let s(n) = 8*n**2 - 2*n + 12. Let i(b) = 2*b**2 + 3. Let f(w) = 9*i(w) - 2*s(w). Suppose -y + 4*y = -12. Give f(y).
19
Let l(o) = 3*o + 2. Suppose 14*p - 9*p + 10 = 0. Let i be p - ((5 - 1) + -4). What is l(i)?
-4
Let t(j) = j**2 - 8*j + 6. Let q(x) = 2*x**2 - 6*x**2 + 12*x - 5 + 3*x**2. Let u be q(11). What is t(u)?
-6
Let z(t) be the first derivative of -t**4/4 + 13*t**3/3 - 7*t**2 + 21*t - 177. Determine z(12).
-3
Let s(t) = 2*t**2 + t + 2. Let o(d) = -9*d**2 + d**3 + 2 - 7 + 8 - 11*d + 12. Let q be o(10). Suppose 2*l = -2*y - 0*l - 10, q*y - l = -7. What is s(y)?
8
Let f(s) be the first derivative of -2*s**2 + 3*s + 1. Suppose 4*j - 8 - 1 = k, 5*k = 5*j - 30. Give f(k).
23
Suppose -5*u + 4*f = -15 - 23, -4*f = u + 2. Let t(g) = -7*g + 9. Let m(w) = w. Let s(n) = -4*m(n) - t(n). Determine s(u).
9
Let x(d) be the second derivative of -5*d**3/3 + 2*d**2 - 3*d + 24. What is x(3)?
-26
Let x(i) = 5*i - 6. Let w(o) = 5*o - 8. Let j(u) = 4*w(u) - 3*x(u). Calculate j(3).
1
Let y(r) = 4*r**2 + 10*r + 3. Let a(c) = 5*c**2 + 8*c + 2. Let d(q) = -4*a(q) + 3*y(q). Determine d(-2).
-27
Let z(b) be the first derivative of b**4/4 - 7*b**3/3 + 5*b**2 - 18*b + 338. Determine z(6).
6
Let h(x) = -2*x**3 - 11*x**2 - 29*x - 3. Let g(u) = -3*u**3 - 18*u**2 - 43*u - 4. Let y(t) = -5*g(t) + 7*h(t). What is y(-12)?
-1
Let j(d) = d - 2. Let x(s) = 10*s - 20. Let g(v) = -55*j(v) + 6*x(v). Determine g(3).
5
Let g(s) = -s**3 + 2*s. Let u(w) = -w**2 + 13*w + 19. Let z be u(15). Let d = -13 - z. What is g(d)?
4
Let h(q) be the second derivative of q**5/20 - q**4/4 - 5*q**3/6 - q**2/2 - 168*q - 2. What is h(-2)?
-11
Let q = 51 + 12. Let m = -65 + q. Let o(d) = -4*d - 3. Give o(m).
5
Suppose -4*c = -0*c - n, 5*c - 7 = 3*n. Let d(b) = -9*b - 9*b + 0 - 1 + 4*b. Determine d(c).
13
Let l(j) = j**3 - 7*j**2 - 9*j + 10. Let t be l(8). Let m(n) = 9*n**2 - 4*n - 4. Let w(s) = -29*s**2 + 13*s + 13. Let h(z) = -7*m(z) - 2*w(z). What is h(t)?
-14
Suppose -6*h = 7*h + 52. Let p(w) be the third derivative of w**7/5040 - w**6/360 + w**5/20 - 3*w**2. Let k(i) be the third derivative of p(i). Give k(h).
-6
Let m = 4 + 1. Suppose -4*g - 3*f + 1 = 2, -5*f + 1 = 4*g. Let i(q) = -2*q**2 - 5*q - 2. Let s(l) = l**2 + 1. Let r(y) = g*i(y) - 3*s(y). Determine r(m).
-1
Let b(f) = -f**3 - 7 - f + 4*f**2 - 4*f + 4*f**2. Suppose 8*a = -u + 61, -38 = -2*a - 2*a - 2*u. Determine b(a).
7
Suppose 21 = -7*x + 56. Let u(b) = 8*b**2 - 4 - 2*b - x - 3 + b**3 + 0*b**2. Suppose z + 7 + 1 = 0. Determine u(z).
4
Let d(l) = l + 8. Let k(x) = -x**3 + 3*x**2 - 2*x + 8. Let p be k(3). Suppose -8 + 2 = 2*v + 3*n, -p*v - 5*n - 2 = 0. Determine d(v).
2
Let w be 1 - (4 + 30/(-6)). Let z(u) = u**3 - u**2 - 3*u + 2. What is z(w)?
0
Let t(z) be the first derivative of z**3/3 + 3*z**2 + 4*z + 437. Suppose 3*r + 39 = -3*b + r, 2*r + 54 = -4*b. Let v = b + 11. Give t(v).
-4
Suppose -3*q = 4*m - 4, -3*q + 4 = 4*m - q. Let d be m/(-1)*(-4 - -1). Suppose -4*f - d = -5*f. Let u(t) = -t**3 + 2*t**2 + 3*t + 2. Calculate u(f).
2
Let w(t) = -2*t**3 + t**2 - 4*t - 3. Suppose -2*r - 9 = b - 11, -5*b - 6 = 2*r. Give w(b).
25
Let c(j) = -j**3 + 6*j**2 + 5*j + 8. Let w(i) = i**3 - 4*i**2 - 19*i + 49. Let y be w(6). Determine c(y).
-6
Let y(q) = -2*q - 7 - 12*q**2 + 12*q**2 - q**2. Let g be y(0). Let l(u) = -u - 5. Determine l(g).
2
Let t = 6 - 11. Let x(h) be the second derivative of h**4/12 + 2*h**3/3 - 5*h**2/2 + 16*h. What is x(t)?
0
Suppose 2*l = -3*l + 4*c - 12, 2*c = 6. Let k(a) = 2*a**3 - a**3 + 3*a - a**2 - 10 - 4*a. Give k(l).
-10
Let x(r) = r + 11. Suppose -17*m + 59 = -94. Give x(m).
20
Let s(o) = -3 - 3*o**3 + 4*o + 14*o**3 - 12*o**3 + 14 + 7*o**2. What is s(8)?
-21
Let k(v) be the third derivative of -v**6/720 + v**5/60 + v**4/24 - 5*v**2. Let p(d) be the second derivative of k(d). Determine p(0).
2
Let f = 42 - 36. Let r(y) = -3*y + 4*y - 4 + f. Give r(-5).
-3
Suppose 2 = 2*f - 8. Suppose f*u - 115 = 10. Let w(b) = -12*b**2 - 15*b**2 + 1 + u*b**2. Give w(-1).
-1
Let n(g) = 11*g**3 + 20*g**2 - 3*g - 15. Let f(o) = 5*o**3 + 10*o**2 - 2*o - 7. Let b(v) = 13*f(v) - 6*n(v). Calculate b(9).
8
Let m(l) = l**3 - 3*l**2 - 2*l - 1. Let y(b) = -b**2 + 15*b - 6. Let j be y(13). Suppose -j - 2 = -2*p. Let o be (-26)/(-9) - p/(-99). What is m(o)?
-7
Let v(l) = 5*l**2 + 2*l - 2. Let n(k) = 7*k**2 + 3*k - 1. Suppose -2*p = -j + 6*j + 8, 0 = 5*p - 5. Let q(m) = j*n(m) + 3*v(m). Determine q(-5).
21
Suppose 7*h + 690 = -3*h. Let v be (-115)/h*(-36)/(-10). Let b(m) = m**3 - 5*m**2 - 8*m + 6. Calculate b(v).
-6
Suppose 4*a - 3*b + 0 = -12, -3*a = 5*b + 9. Let r(m) be the first derivative of m - 33 - 1/3*m**3 - 3*m**2. Calculate r(a).
10
Let l(g) = g**2 + 31*g + 61. Let t be l(-29). Let z(w) = -w**3 + 2*w**2 - 1. What is z(t)?
-10
Let m(y) = -5*y + 1. Let n be 8/44 + (-9)/(297/(-60)). Suppose -10 = -n*o - 4*h, -7 - 4 = -4*o - 5*h. Determine m(o).
6
Let x(j) = j**2 - 2*j - 10. Let c be (-21)/(-147) - 22/7. Determine x(c).
5
Let j(s) = -6*s**3 + 2*s**2 + 2*s + 1. Suppose 2*o = i - 47, 0*o + 2*o + 52 = 2*i. Let q = o + 20. Give j(q).
7
Suppose 5*v - 104 = -8*v. Let o(j) = j**3 - 9*j**2 + 6*j + 10. Calculate o(v).
-6
Let g(k) = -2*k**2 + 6*k + 10. Let p(m) = -m**2 + 5*m + 9. Let u(